{"id":8,"date":"2026-01-20T10:03:52","date_gmt":"2026-01-20T09:03:52","guid":{"rendered":"https:\/\/internet.es.click\/?page_id=8"},"modified":"2026-01-20T11:23:03","modified_gmt":"2026-01-20T10:23:03","slug":"elementor-8","status":"publish","type":"page","link":"https:\/\/internet.es.click\/","title":{"rendered":"Internet Click"},"content":{"rendered":"\t\t<div data-elementor-type=\"wp-post\" data-elementor-id=\"8\" class=\"elementor elementor-8\">\n\t\t\t\t<div class=\"elementor-element elementor-element-89bf64d e-flex e-con-boxed e-con e-parent\" data-id=\"89bf64d\" data-element_type=\"container\">\n\t\t\t\t\t<div class=\"e-con-inner\">\n\t\t\t\t<div class=\"elementor-element elementor-element-0b197ef elementor-widget elementor-widget-text-editor\" data-id=\"0b197ef\" data-element_type=\"widget\" data-widget_type=\"text-editor.default\">\n\t\t\t\t\t\t\t\t\t<p><strong>internet click &#8211; erp crm web seo<\/strong><\/p><p><strong>Hacer cosas no es complicado<\/strong><\/p><p><strong>hacerlas f\u00e1ciles, s\u00ed puede ser complicado<\/strong><\/p><p><strong>transformamos tu empresa o negocio con 1 click<\/strong><\/p><p><strong>\u00bfQu\u00e9 tenemos que no tengan otras empresas de inform\u00e1tica o consultor\u00eda tecnol\u00f3gica?<\/strong><\/p><p><strong>Impulsamos tu negocio al mundo digital, ofreci\u00e9ndote servicios inform\u00e1ticos orientados a mejorar la productividad empresarial<\/strong><\/p><p><strong>DISE\u00d1O + IMPLEMENTACI\u00d3N + INTEGRACI\u00d3N + FORMACI\u00d3N + EVOLUCI\u00d3N<\/strong><\/p><p><strong>Simplificamos procesos empresariales<br \/>para que todo FUNCIONE con un simple CLICK<\/strong><\/p><p>Nuestro principal objetivo: simplificar lo complicado, hacerlo f\u00e1cil y funcional &#8230; y a ser posible con el m\u00ednimo n\u00famero de clicks. Buscamos soluciones CLOUD para mejorar los procesos de negocio.<\/p><p>El AVANCE de las empresas es directamente proporcional a la utilizaci\u00f3n y utiliddad de sus herramientas TIC (Tecnolog\u00edas de la Informaci\u00f3n y Comunicaci\u00f3n), la inversi\u00f3n en el desarrollo de soluciones de software y formaci\u00f3n har\u00e1n que su negocio o empresa alcancen nuevas metas.<\/p><p><strong>Dise\u00f1o Web<\/strong><\/p><p><strong>Tiendas Online<\/strong><\/p><p><strong>Software Gesti\u00f3n<\/strong><\/p><p><strong>ERP &amp; CRM<\/strong><\/p><p><strong>SEO &amp; SEM<\/strong><\/p><p><strong>Marketing Online<\/strong><\/p><p><strong>Centralitas <\/strong><\/p><p><strong>Correo electr\u00f3nico<\/strong><\/p><p><strong>Aplicaciones Web<\/strong><\/p><p><strong>\u00a1Transforma tu visi\u00f3n en realidad y destaca en el mundo digital con nosotros!<\/strong><\/p><p>\u00a1Potencia tu presencia digital con un dise\u00f1o web a medida! Nos especializamos en la creaci\u00f3n de p\u00e1ginas web atractivas, tiendas online de alta conversi\u00f3n y aplicaciones web innovadoras que llevan tu negocio al siguiente nivel. Nuestro equipo de expertos se encarga de todo, desde el dise\u00f1o intuitivo y funcional hasta el desarrollo robusto y seguro, garantizando una experiencia de usuario excepcional y resultados tangibles. Ya sea que busques captar m\u00e1s clientes, optimizar tus ventas en l\u00ednea o modernizar tu presencia web, tenemos la soluci\u00f3n perfecta para ti.\u00a0<\/p><p><strong>Dolibarr &amp; NextCloud<\/strong><\/p><p><strong>\u00a1Lleva tu empresa al siguiente nivel con nuestras soluciones!<\/strong><\/p><p>Optimiza y transforma la gesti\u00f3n de tu empresa con nuestras soluciones integrales ERP\/CRM y gesti\u00f3n documental basada en Nextcloud. Nuestro sistema ERP\/CRM te permite centralizar la administraci\u00f3n de clientes, ventas, finanzas y operaciones, mejorando la eficiencia y el control en cada \u00e1rea de tu negocio. Adem\u00e1s, con Nextcloud, accede a una plataforma de gesti\u00f3n documental segura y colaborativa, donde tu equipo podr\u00e1 almacenar, compartir y gestionar archivos de forma \u00e1gil y totalmente personalizada. Simplifica tus procesos, ahorra tiempo y aumenta la productividad con herramientas dise\u00f1adas para crecer junto a tu negocio.\u00a0<\/p><p><strong>Posicionamiento<\/strong><\/p><p><strong>\u00a1Deja que tu marca sea la primera opci\u00f3n y crece con una presencia digital s\u00f3lida y rentable!\u00a0<\/strong><\/p><p>Aumenta la visibilidad de tu negocio y atrae a tus clientes ideales con nuestros servicios de SEO y SEM, marketing online, linkbuilding y dise\u00f1o de landing pages efectivas. Optimizamos tu sitio web para posicionarte en los primeros resultados de b\u00fasqueda, aumentando el tr\u00e1fico org\u00e1nico y maximizando el retorno de inversi\u00f3n de tus campa\u00f1as. A trav\u00e9s de estrategias de linkbuilding y marketing digital, mejoramos tu autoridad online y generamos tr\u00e1fico cualificado, mientras que nuestras landing pages est\u00e1n dise\u00f1adas para convertir a tus visitantes en clientes.\u00a0<\/p><p><strong>N\u00fameros virtuales<\/strong><\/p><p><strong>\u00a1Lleva tu productividad al siguiente nivel!<\/strong><\/p><p>Moderniza la comunicaci\u00f3n de tu negocio con nuestros servicios de telefon\u00eda virtual, centralitas en la nube y correo electr\u00f3nico privado. Ofrecemos soluciones de telefon\u00eda avanzadas, que te permiten gestionar llamadas desde cualquier lugar, sin necesidad de equipos costosos, gracias a nuestras centralitas en la nube. Mant\u00e9n a tu equipo conectado de forma profesional y eficiente, con funcionalidades adaptadas a tus necesidades. Adem\u00e1s, garantizamos la privacidad de tu comunicaci\u00f3n con correos electr\u00f3nicos seguros y personalizados para tu empresa, protegiendo tu informaci\u00f3n y la de tus clientes. Simplifica y fortalece la comunicaci\u00f3n de tu negocio con nuestra tecnolog\u00eda de vanguardia.\u00a0<\/p><p><strong>ESTRATEGIA BASADA EN CLOUD PARA SU EMPRESA O NEGOCIO<\/strong><\/p>\t\t\t\t\t\t\t\t<\/div>\n\t\t\t\t\t<\/div>\n\t\t\t\t<\/div>\n\t\t\t\t<\/div>\n\t\t","protected":false},"excerpt":{"rendered":"<p>internet click &#8211; erp crm web seo Hacer cosas no es complicado hacerlas f\u00e1ciles, s\u00ed puede ser complicado transformamos tu empresa o negocio con 1 click \u00bfQu\u00e9 tenemos que no tengan otras empresas de inform\u00e1tica o consultor\u00eda tecnol\u00f3gica? Impulsamos tu negocio al mundo digital, ofreci\u00e9ndote servicios inform\u00e1ticos orientados a mejorar la productividad empresarial DISE\u00d1O + [&hellip;]<\/p>\n","protected":false},"author":1,"featured_media":0,"parent":0,"menu_order":0,"comment_status":"closed","ping_status":"closed","template":"","meta":{"inline_featured_image":false,"footnotes":""},"class_list":["post-8","page","type-page","status-publish","hentry"],"_links":{"self":[{"href":"https:\/\/internet.es.click\/index.php\/wp-json\/wp\/v2\/pages\/8","targetHints":{"allow":["GET"]}}],"collection":[{"href":"https:\/\/internet.es.click\/index.php\/wp-json\/wp\/v2\/pages"}],"about":[{"href":"https:\/\/internet.es.click\/index.php\/wp-json\/wp\/v2\/types\/page"}],"author":[{"embeddable":true,"href":"https:\/\/internet.es.click\/index.php\/wp-json\/wp\/v2\/users\/1"}],"replies":[{"embeddable":true,"href":"https:\/\/internet.es.click\/index.php\/wp-json\/wp\/v2\/comments?post=8"}],"version-history":[{"count":8,"href":"https:\/\/internet.es.click\/index.php\/wp-json\/wp\/v2\/pages\/8\/revisions"}],"predecessor-version":[{"id":77,"href":"https:\/\/internet.es.click\/index.php\/wp-json\/wp\/v2\/pages\/8\/revisions\/77"}],"wp:attachment":[{"href":"https:\/\/internet.es.click\/index.php\/wp-json\/wp\/v2\/media?parent=8"}],"curies":[{"name":"wp","href":"https:\/\/api.w.org\/{rel}","templated":true}]}}